-212*n**3 + 3*n + 2. Let p be u(-1). Suppose 0*o + 5*l - p = -3*o, 4*l = 5*o - 401. What are the prime factors of o?
7, 11
Suppose 0 = -3*q + 90 - 36. Let c(t) = t**3 - 19*t**2 + 19*t - 26. Let v be c(q). What are the prime factors of (-1276)/(-16) + 6/v?
79
Suppose -22*w + 178 = -394. Let f = 3 - 10. Let i = f + w. What are the prime factors of i?
19
Suppose a = 1, -3*i + 2*a + 2*a = -1799. Suppose 1669 = 12*r + i. What are the prime factors of r?
89
Let m = 32 - 12. Suppose m*r - 258 = 17*r. What are the prime factors of r?
2, 43
Suppose 1304 = 13*g - 3610. What are the prime factors of g?
2, 3, 7
Let h(k) = 33*k**2 - 40*k - 15. List the prime factors of h(-6).
3, 157
Let b(i) = -i - 17. Let y be b(-8). List the prime factors of y/(-2)*(-114)/(-9).
3, 19
Let z(b) = -b**2 + 11*b - 6. Suppose 11*w - 103 + 15 = 0. List the prime factors of z(w).
2, 3
Let n(v) = v - 17. Let p be n(14). What are the prime factors of (2 - -1)/p - -159?
2, 79
Suppose 3*h + 19 = 151. List the prime factors of (-614)/(-11) - ((-228)/h + 5).
2, 7
Suppose 3*j + 5*z + 1157 = 5933, -3*j = -z - 4776. List the prime factors of j.
2, 199
Let x(o) = -o**2 + 11*o - 6 - 6 + 2. Let n be x(9). Let b = n - 6. What are the prime factors of b?
2
Let b = -11 + 14. Suppose b*z - 34 = z. Let o = -11 + z. List the prime factors of o.
2, 3
Let t(k) = 2*k**2 + 15*k + 19. Let b be t(-6). Let n = b - -3. List the prime factors of n.
2
Let i be (1*-2)/((-2)/(-6)). Let p = -2 - i. Suppose 5*b + 46 = 2*g, 2*g = -p*b + 7 + 3. List the prime factors of g.
13
Let q(u) = -32*u + 4. What are the prime factors of q(-14)?
2, 113
Suppose 0*s + 132 = 2*s. Let y = -177 - -136. Let k = y + s. List the prime factors of k.
5
Let q = 8 - 6. Suppose -6 = -u - q. Suppose -3*j + 102 = -2*d, -u*j + 2*d = -0*d - 136. List the prime factors of j.
2, 17
Let w(o) = o. Let z be (6/4)/(3/4). Let a be w(z). Suppose 4*v + s + a*s = 74, 0 = -5*v + 4*s + 77. What are the prime factors of v?
17
Suppose 4*d + 128 = -4*k, 3*d - 2*k - 130 = 7*d. Let b = 88 + d. List the prime factors of b.
5, 11
Let n(v) = -69*v + 1. Let m be n(-1). Suppose -m = 3*c - 4*c. Let i = c - 39. What are the prime factors of i?
31
Let a(j) = 187*j**2 + 9*j - 9. List the prime factors of a(3).
3, 7
Let j be 1 - ((-2)/(-2) - 3). Suppose j*m - 19 = 35. What are the prime factors of m?
2, 3
Suppose -43492 = -26*w + 61366. List the prime factors of w.
37, 109
Suppose -4*l = -r - 3668, 0 = 5*l + 3*r - 4636 + 51. What are the prime factors of l?
7, 131
Suppose -4*g - 28 = -m - 3*m, -2*m + 3*g + 18 = 0. Suppose -196 = -m*d - 2*w, 2*w + w = -4*d + 260. What are the prime factors of d?
2, 17
Let n = -4494 - -7661. List the prime factors of n.
3167
Let o(p) = -2*p - 12. Let g be o(-5). Let r be 4*(g + 122/(-8)). Let j = -42 - r. List the prime factors of j.
3
Suppose -2930 = -2*q - 5*w, 11*w = 3*q + 10*w - 4429. List the prime factors of q.
5, 59
Let w(g) = -25 - g - 34*g - 35. What are the prime factors of w(-8)?
2, 5, 11
Let c be ((-11)/4)/(6/24). Let i = -10 - c. What are the prime factors of (i - (-2)/(-4))*26?
13
What are the prime factors of (109/(-3))/((-56)/1512)?
3, 109
Suppose 0*w + 108 = 2*w. Let f = w - 36. What are the prime factors of f?
2, 3
Let x(v) = v**3 + 21*v**2 - 43*v - 23. What are the prime factors of x(-12)?
1789
Let w(s) = s**2 + 11*s - 15. Let o be w(-13). Suppose 3*u = 3, -4*u - o = -4*q + u. List the prime factors of (-3*3)/(q/(-12)).
3
Let q be (-19)/(-3) + (-7)/21. Suppose 6*t - q = 4*t. Suppose t*u - 3*l - 156 = -0*u, -u + 3*l + 46 = 0. List the prime factors of u.
5, 11
Let y = -5188 + 9605. What are the prime factors of y?
7, 631
Let o = -13 + 10. Let d be 249/o*-1*1. Suppose d = 4*n + 3*b - 0*b, -5*b + 5 = 0. What are the prime factors of n?
2, 5
Suppose a = -p + 786 + 71, -5*p + 4245 = -5*a. What are the prime factors of p?
853
Suppose 43*w = 35*w + 18216. What are the prime factors of w?
3, 11, 23
Let n(g) = g**3 - 15*g**2 + 15. Let y be n(15). Let z(b) = 23*b - 7. List the prime factors of z(y).
2, 13
Suppose 0 = -5*w + 24 + 21. Suppose 4*y = y - 4*m - w, 4*y - 2*m = -34. Let j(o) = -6*o - 12. List the prime factors of j(y).
2, 3, 5
Suppose -10*o = -15*o - 10. Let j(n) = -34*n - 7. What are the prime factors of j(o)?
61
Let v = -35 - -65. Let g be 2/(-5) + 132/v. Suppose -g*f - j = -3*f - 24, -4*j - 19 = -f. List the prime factors of f.
23
List the prime factors of (3*3/(-18))/((-2)/1508).
13, 29
Let z(t) = 5*t + 20. Let a be z(-5). Let d = a + 58. List the prime factors of d.
53
Let f = 2653 + -1662. What are the prime factors of f?
991
Let q = -337 + 2618. What are the prime factors of q?
2281
Let m = 439 + 177. What are the prime factors of m?
2, 7, 11
Suppose 0 = -5*u - 3*n - 0*n - 607, u + n = -121. Let j = -7 - u. What are the prime factors of j?
5, 23
Let s = 283 - -321. List the prime factors of s.
2, 151
Suppose 0 = -2*r + 7*r. Suppose -g + 7 - 8 = r. What are the prime factors of (g/(-1))/((-1)/(-2))?
2
Let w(p) = 2*p**2 - 9*p - 20. Let q(x) = x**2 - 7*x. Let r be q(6). What are the prime factors of w(r)?
2, 53
What are the prime factors of (1073 - -67) + -2 + -2?
2, 71
Suppose -q - 4*n = 25, 18 = -5*q + 2*n - 63. What are the prime factors of (-154)/56*(q + 1)?
2, 11
Let u = 9 + 43. List the prime factors of u.
2, 13
Let a = 13 - 28. Let g = -15 - a. Suppose g = -3*n + 3*q + 90, q + 0*q - 5 = 0. What are the prime factors of n?
5, 7
Let j = 28 - -81. Suppose 209 = 4*r - 3*q - 232, -r + 2*q + j = 0. What are the prime factors of r?
3, 37
Suppose -3*g = -i - 4*i + 15, -i + 3 = -5*g. Let q(z) be the third derivative of z**4/24 + 2*z**2. What are the prime factors of q(i)?
3
Suppose -4*i - 5*h = -1245, -3*i + 30*h - 35*h = -940. What are the prime factors of i?
5, 61
Let k(r) = 50*r + 21. Let j(x) = 249*x + 106. Let t(o) = 2*j(o) - 11*k(o). List the prime factors of t(-6).
293
Let w = -126 - -147. Let o(b) = 4*b**2 - b + 1. Let g be o(1). Let r = g + w. What are the prime factors of r?
5
What are the prime factors of (-9 - 77033/(-77)) + (-8)/(-14)?
2, 31
Suppose -4*b = -11 - 5. Suppose -3*a = b*t - 709, 0*a + 4*t + 486 = 2*a. List the prime factors of a.
239
Let a(o) = 2*o**2 - o + 3. Let r be a(-3). What are the prime factors of 2762/60*4 + r/(-180)?
2, 23
Let x = -87 + 89. What are the prime factors of x/14 + 920/28?
3, 11
Let d = -7 - -7. Suppose d = 2*l - 3*l - 2*u + 10, -l - 5*u = -19. Suppose 0 = -z - 0*z + l. What are the prime factors of z?
2
Let t = -1 - -6. Let a(k) = k + t + 3*k + k - k. What are the prime factors of a(5)?
5
Suppose -g + 16 = 4*r, 5*g + 2 = 3*r + 13. Suppose -113 + 311 = r*c. List the prime factors of c.
2, 3, 11
Suppose z = 2*z + 2. Let r(j) = -5*j**2 - 4*j - 3. Let u be r(z). Let i = u + 26. List the prime factors of i.
11
Suppose -5*y - 5*t - 2 = -t, -3*y + 18 = -4*t. List the prime factors of (8 - 744/(-16))/(y/4).
109
What are the prime factors of 82 - 9*12/(-18)?
2, 11
Suppose 0 = l + 3*l - 112. Suppose t - 3*v + 36 = -t, -t - l = -4*v. Let u(z) = -z**3 - 12*z**2 - 5*z. What are the prime factors of u(t)?
2, 3, 5
Suppose -10*w = -15*w. Suppose z - 248 = m, -5*z + w*m - m = -1210. List the prime factors of z.
3
Let b(c) = -c**3 - c**2 + c. Let w be b(-2). Suppose -3*o + 5*x + 37 = -6*o, -w*o - 28 = 5*x. What are the prime factors of 1 - o - (-3 - 1)?
2, 7
Let m(g) = g**3 + 4*g**2 + 2*g + 1. Let a = 8 + -11. Let l be m(a). Suppose 0 = -l*k - 0*k + 48. What are the prime factors of k?
2, 3
Suppose 8 = -3*j - 55. Let u be (7/j)/((-2)/(-12)). What are the prime factors of (-28)/3*3/u?
2, 7
Let r = 119 - -30. List the prime factors of r.
149
Suppose -y = -4*l + 97, 2*y = -l + 4*l - 74. What are the prime factors of (-6)/(-8) - 42/l*-71?
5
Let g(w) = 20*w. Let n be g(2). Suppose -3*k = -n + 4. What are the prime factors of (k + -41)/(0 - 1)?
29
Suppose -4*z + 0*z - 5*m = 343, -5*m = 5*z + 435. Let w = -51 - z. List the prime factors of w.
41
Suppose -3*p - 1333 = -3880. List the prime factors of p.
3, 283
Let n be 4/6 - 164/3. Let k be (-2*15/(-10))/(-1). List the prime factors of ((-3)/(-2))/(k/n).
3
Let p = -652 - -3242. List the prime factors of p.
2, 5, 7, 37
Let n be -1*((-1)/((-1)/(-2)) - 93). Suppose -2*v - n + 295 = 0. What are the prime factors of v?
2, 5
Suppose -10*j + 14